, 5, 149
What are the prime factors of 3545?
5, 709
What are the prime factors of 59729?
59729
List the prime factors of 14040.
2, 3, 5, 13
List the prime factors of 7392.
2, 3, 7, 11
What are the prime factors of 41307?
3, 7, 281
List the prime factors of 29564.
2, 19, 389
List the prime factors of 3241.
7, 463
What are the prime factors of 3959?
37, 107
List the prime factors of 7336.
2, 7, 131
What are the prime factors of 85627?
85627
List the prime factors of 937.
937
What are the prime factors of 2408?
2, 7, 43
What are the prime factors of 24853?
29, 857
List the prime factors of 17884.
2, 17, 263
List the prime factors of 36043.
7, 19, 271
What are the prime factors of 24856?
2, 13, 239
List the prime factors of 212.
2, 53
What are the prime factors of 1008?
2, 3, 7
List the prime factors of 6524.
2, 7, 233
What are the prime factors of 7078?
2, 3539
List the prime factors of 25123.
7, 37, 97
List the prime factors of 6216.
2, 3, 7, 37
List the prime factors of 91498.
2, 11, 4159
What are the prime factors of 4318?
2, 17, 127
List the prime factors of 35591.
35591
What are the prime factors of 2401?
7
What are the prime factors of 1452?
2, 3, 11
What are the prime factors of 68652?
2, 3, 1907
What are the prime factors of 2266?
2, 11, 103
List the prime factors of 18022.
2, 9011
What are the prime factors of 13026?
2, 3, 13, 167
List the prime factors of 3660.
2, 3, 5, 61
List the prime factors of 716.
2, 179
List the prime factors of 93167.
151, 617
What are the prime factors of 2598?
2, 3, 433
List the prime factors of 342.
2, 3, 19
List the prime factors of 23343.
3, 31, 251
What are the prime factors of 110059?
110059
What are the prime factors of 1968?
2, 3, 41
What are the prime factors of 25738?
2, 17, 757
What are the prime factors of 98195?
5, 41, 479
What are the prime factors of 50699?
11, 419
List the prime factors of 102061.
102061
What are the prime factors of 1159?
19, 61
What are the prime factors of 560?
2, 5, 7
List the prime factors of 14050.
2, 5, 281
List the prime factors of 27836.
2, 6959
What are the prime factors of 732?
2, 3, 61
What are the prime factors of 20948?
2, 5237
List the prime factors of 25702.
2, 71, 181
List the prime factors of 1304.
2, 163
What are the prime factors of 5405?
5, 23, 47
What are the prime factors of 23201?
23201
List the prime factors of 15618.
2, 3, 19, 137
What are the prime factors of 26105?
5, 23, 227
List the prime factors of 3240.
2, 3, 5
List the prime factors of 8396.
2, 2099
What are the prime factors of 311?
311
What are the prime factors of 17009?
73, 233
What are the prime factors of 273?
3, 7, 13
List the prime factors of 136049.
37, 3677
List the prime factors of 823.
823
List the prime factors of 28703.
28703
What are the prime factors of 1085?
5, 7, 31
What are the prime factors of 7726?
2, 3863
List the prime factors of 288.
2, 3
What are the prime factors of 98110?
2, 5, 9811
List the prime factors of 23303.
7, 3329
List the prime factors of 101725.
5, 13, 313
What are the prime factors of 34299?
3, 37, 103
What are the prime factors of 121542?
2, 3, 47, 431
What are the prime factors of 1641?
3, 547
List the prime factors of 38381.
7, 5483
List the prime factors of 27098.
2, 17, 797
What are the prime factors of 4967?
4967
What are the prime factors of 15123?
3, 71
List the prime factors of 2776.
2, 347
What are the prime factors of 13523?
13523
What are the prime factors of 22220?
2, 5, 11, 101
What are the prime factors of 3534?
2, 3, 19, 31
What are the prime factors of 1224?
2, 3, 17
What are the prime factors of 4608?
2, 3
What are the prime factors of 48099?
3, 16033
What are the prime factors of 8903?
29, 307
List the prime factors of 35242.
2, 67, 263
What are the prime factors of 589?
19, 31
What are the prime factors of 253?
11, 23
What are the prime factors of 3811?
37, 103
List the prime factors of 334.
2, 167
List the prime factors of 2568.
2, 3, 107
List the prime factors of 2351.
2351
What are the prime factors of 2668?
2, 23, 29
List the prime factors of 4879.
7, 17, 41
List the prime factors of 1573.
11, 13
List the prime factors of 577.
577
List the prime factors of 30312.
2, 3, 421
What are the prime factors of 18847?
47, 401
What are the prime factors of 31889?
11, 13, 223
What are the prime factors of 21917?
7, 31, 101
List the prime factors of 670.
2, 5, 67
What are the prime factors of 11659?
89, 131
What are the prime factors of 805?
5, 7, 23
List the prime factors of 11651.
61, 191
What are the prime factors of 513?
3, 19
List the prime factors of 50200.
2, 5, 251
What are the prime factors of 55701?
3, 2063
What are the prime factors of 1567?
1567
What are the prime factors of 45715?
5, 41, 223
List the prime factors of 813.
3, 271
What are the prime factors of 56?
2, 7
What are the prime factors of 488?
2, 61
List the prime factors of 355.
5, 71
List the prime factors of 21871.
21871
List the prime factors of 7120.
2, 5, 89
What are the prime factors of 1940?
2, 5, 97
List the prime factors of 10083.
3, 3361
List the prime factors of 1113.
3, 7, 53
List the prime factors of 24248.
2, 7, 433
What are the prime factors of 244?
2, 61
What are the prime factors of 15853?
83, 191
List the prime factors of 32511.
3, 10837
What are the prime factors of 120?
2, 3, 5
What are the prime factors of 7279?
29, 251
List the prime factors of 8529.
3, 2843
List the prime factors of 2675.
5, 107
List the prime factors of 10848.
2, 3, 113
What are the prime factors of 28234?
2, 19, 743
List the prime factors of 1050.
2, 3, 5, 7
What are the prime factors of 7696?
2, 13, 37
List the prime factors of 1288.
2, 7, 23
List the prime factors of 98804.
2, 17, 1453
What are the prime factors of 1764?
2, 3, 7
What are the prime factors of 726?
2, 3, 11
List the prime factors of 523.
523
What are the prime factors of 160748?
2, 7, 5741
What are the prime factors of 4513?
4513
What are the prime factors of 3544?
2, 443
What are the prime factors of 27659?
17, 1627
List the prime factors of 14839.
11, 19, 71
List the prime factors of 47780.
2, 5, 2389
List the prime factors of 2917.
2917
What are the prime factors of 16800?
2, 3, 5, 7
What are the prime factors of 7333?
7333
What are the prime factors of 3?
3
List the prime factors of 5628.
2, 3, 7, 67
What are the prime factors of 2316?
2, 3, 193
List the prime factors of 24480.
2, 3, 5, 17
List the prime factors of 4789.
4789
List the prime factors of 56311.
56311
What are the prime factors of 743?
743
List the prime factors of 39549.
3, 13183
What are the prime factors of 3198?
2, 3, 13, 41
List the prime factors of 4761.
3, 23
What are the prime factors of 3869?
53, 73
List the prime factors of 109457.
23, 4759
What are the prime factors of 109664?
2, 23, 149
What are the prime factors of 61299?
3, 7, 139
List the prime factors of 72440.
2, 5, 1811
List the prime factors of 12030.
2, 3, 5, 401
List the prime factors of 14746.
2, 73, 101
What are the prime factors of 937?
937
List the prime factors of 28072.
2, 11, 29
What are the prime factors of 6538?
2, 7, 467
List the prime factors of 36549.
3, 31, 131
What are the prime factors of 48610?
2, 5, 4861
What are the prime factors of 22635?
3, 5, 503
List the prime factors of 2722.
2, 1361
List the prime factors of 35238.
2, 3, 7, 839
What are the prime factors of 2442?
2, 3, 11, 37
List the prime factors of 2547.
3, 283
List the prime factors of 4547.
4547
List the prime factors of 1173.
3, 17, 23
List the prime factors of 61452.
2, 3, 569
What are the prime factors of 20613?
3, 6871
What are the prime factors of 7333?
7333
List the prime factors of 13140.
2, 3, 5, 73
List the prime factors of 2074.
2, 17, 61
What are the prime factors of 3139?
43, 73
What are the prime factors of 46381?
46381
What are the prime factors of 84226?
2, 23, 1831
List the prime factors of 286.
2, 11, 13
What are the prime factors of 4072?
2, 509
List the prime factors of 6369.
3, 11, 193
What are the prime factors of 39229?
39229
List the prime factors of 706.
2, 353
List the prime factors of 798.
2, 3, 7, 19
List the prime factors of 34728.
2, 3, 1447
List the prime factors of 99560.
2, 5, 19, 131
What are the prime factors of 96883?
17, 41, 139
List the prime factors of 74349.